
11
What is (0 - 1) + -31 - (208 - 221)?
-19
What is the value of -2 - (12 + 0 + -5) - -35?
26
Calculate 0 - 1 - 6 - (-303 - -298).
-2
(5 - 3) + (-15 - -29)
16
What is 17 + (-27 - (-12 - -7))?
-5
Evaluate (-13 - 3 - (2 - 10)) + 4 - -10.
6
Calculate -37 + -2 + (-11 - 8 - -43) + -19.
-34
Calculate -3 - -4 - (2 - -5 - -1).
-7
Evaluate -20 - (-21 + 34 + -7).
-26
What is the value of (1 - -1) + 15 - (37 + -4)?
-16
(11 - 20 - -4) + 6
1
What is the value of 88 + -87 - (-2 - -5)?
-2
What is the value of (-3 - 22) + (-101 - -115)?
-11
Evaluate (-5 - -20) + -44 + 22.
-7
Calculate 28 + (23 - 28) + -20.
3
What is the value of 0 - -3 - (-12 + 16) - 2?
-3
Evaluate (-11 - (5 - 41 - -1)) + -14.
10
Evaluate (3 - (10 - 1)) + 11.
5
What is the value of (-7 - (-3 + -4 + 7)) + (5 - -6)?
4
Calculate -25 + (6 - (6 - 0) - -9 - 1).
-17
What is the value of (44 - (7 - -29)) + 0 + 2 + -34?
-24
Calculate 6 - ((0 - 7) + 17 + -9).
5
-8 + (-10 - 0 - -6) + 2
-10
What is the value of -1 + 1 + (513 - 485)?
28
Calculate -9 + (-15 - (-5 + -15)).
-4
Evaluate (18 - 19) + (-6 + 2 - 17).
-22
What is the value of 32 + 0 + (-11 - (-23 + 12))?
32
What is 21 - (7 - -19) - (-43 - -3 - -1)?
34
Calculate 10 - (0 - -6 - 0 - (12 - 11)).
5
What is (-367 - -358) + (9 - 1)?
-1
What is the value of (15 - -12) + -52 + 29?
4
What is the value of 158 - 151 - (8 + 1)?
-2
What is 8 - (15 - 6) - (-3 + -4 - -3)?
3
What is the value of -8 - (-1 + 6 - (-14 - -15))?
-12
What is the value of 9 - -5 - -1 - 10?
5
What is the value of (55 - 61 - -21) + -44 + 0?
-29
-3 + -28 + (9 - 7) + 6
-23
1 + 0 - (0 - -1) - (1717 - 1724)
7
Calculate -3 + 5 - 12 - (7 - (-21 + 25)).
-13
Evaluate -3 - (0 + (2 - -2)) - (-87 - -74).
6
What is the value of (-15 - 1) + -1 + (-6 - -48)?
25
What is the value of 16 - (-9 + 14 - 5 - -2)?
14
Evaluate 8 + -2 - -5 - (10 - 6 - 4).
11
What is (-1 - 1) + (7 + (-2 - 5) - -5)?
3
Calculate (-5 + -23 - -22) + 30.
24
Evaluate -13 + 39 + (2 - 5) + -6.
17
-26 + 14 - -27 - (-2 - -1 - 2)
18
What is -4 - (10 + 4 + -8 + -3)?
-7
What is 2 + -2 + -4 + -1 + -2 + 1?
-6
1 + -26 - (17 + -2 + -24)
-16
Evaluate 7 + -5 + (0 - 8).
-6
What is the value of 2 - (-3 - -14) - (-31 + (27 - 4))?
-1
What is the value of -4 + 2 - -9 - (-5 - (6 - 17))?
1
(-10 - -3 - (2 - 0)) + 4
-5
Calculate 24 + -32 + -12 + 10.
-10
What is -8 + (8 - 20) + 11?
-9
Calculate -6 + 16 + -34 - -13.
-11
(1 - (-6 + -2)) + (138 - 124) - -3
26
What is the value of (-8 + 7 - -10) + -8 + 3?
4
Calculate -8 + 1 + (-4 - (5 - (-5 - -10))).
-11
What is the value of 12 - (17 - (29 + 4) - -31)?
-3
33 + (-5 - 11 - -4)
21
What is the value of -5 - (13 - (-1 + 12 - 3))?
-10
Evaluate -13 + 20 + (25 - 5 - 6).
21
2 + (9 - (15 + -4) - 11)
-11
Calculate 1 - -1 - 2 - -6 - (160 + -161).
7
What is -8 + 10 - -9 - 21?
-10
Calculate (-1 - 13) + (-15 - (-18 - 0)) + 0.
-11
What is the value of -75 - (-75 - -18) - (-11 + 0)?
-7
What is 13 - (-4 - (0 + -28))?
-11
What is the value of -8 - (-2 + (8 - (12 - -9)))?
7
Calculate -3 - ((4 - 2) + (-14 - -12) + -17).
14
What is -1 + -10 + 23 + 0 + -5?
7
-11 - ((2 - 33) + 9) - 21
-10
What is the value of (5 - (-7 + 8)) + (3 - (4 + -5))?
8
-25 + (-2 - 0 - -6 - (-117 - -119))
-23
Evaluate 28 + 6 + (6 - 28).
12
What is the value of 9 - (25 - (1 + 8)) - (-12 - 0)?
5
What is the value of (-25 - 24) + 39 + -10 + 1?
-19
What is 33 - (-2 - -2) - (-7 + 17)?
23
Calculate -1 + 15 - (688 - 674).
0
Evaluate -6 - ((-14 - -12) + 10).
-14
What is the value of 0 - 29 - (-15 - (-4 - (12 - 2)))?
-28
What is the value of -7 - (-3 + 2 + (12 - 16) - -3)?
-5
Calculate 2 + 10 + -2 + -4 + -2.
4
Calculate 6 + (2 - 0) + 4 + 4 + 8.
24
What is the value of 18 + -14 - (-7 - -4)?
7
What is the value of (29 - 37) + 12 - (-1 + -4)?
9
What is the value of 11 - -8 - (-20 + 50)?
-11
Calculate 0 + (0 - 3) - (-6 + -1 + -7).
11
0 + ((-3 - -17) + -6 - 30)
-22
Evaluate 77 - 94 - (-2 - 1).
-14
Calculate 7 - (6 + 6 + (6 - 8)).
-3
(1 - 3 - (279 - 324)) + -6 + -2
35
Calculate (-2 - 2 - (-2 + 8 - 3)) + 4.
-3
Evaluate (10 - 2) + 1 + -2 - (1 - -22).
-16
Calculate 23 + -33 + 11 + (1 - -1 - -14).
17
Calculate -1 + (-11 + -2 - -5) + 5.
-4
Evaluate 1 - ((10 - (1 - -1)) + -24).
17
Calculate -21 - (-43 - -11) - (13 - 1).
-1
Evaluate (35 + (-14 - -1) - 10) + -8.
4
What is -363 + 365 - (1 - -9 - -1)?
-9
Calculate -8 + (-5 - ((-1 - -10) + -1 + -3)).
-18
Calculate 9 + -16 + -2 - (-4 + 4).
-9
Evaluate -339 - -317 - (-11 + 0).
-11
-15 - (15 - 55) - 26
-1
Calculate 0 + -3 + 24 + 13 + -3.
31
Evaluate -20 - (-20 - 2) - (-4 - 7).
13
What is the value of -16 - ((-17 - (-3 + -7)) + 7)?
-16
What is 30 + -32 + 10 + (0 - 1)?
7
What is the value of 3 + 5 - (-13 - -23) - (-12 - -11)?
-1
Calculate 32 + -35 + 16 - (-6 - 3).
22
What is (7 - -4 - 9) + (-3 - -4 - -1)?
4
What is the value of -48 + (61 - 33) - -2?
-18
Calculate 1 + 12 + (514 - 531).
-4
(15 + 6 + -9 - 4 - 12) + 23
19
What is the value of 5 - (-4 - (-2 + (1 - -16)))?
24
-2 + (-6 - (6 - 4)) + 3
-7
Calculate (-7 + 7 - -4) + 1 + -10.
-5
Evaluate (-2 - 35) + (255 - 245).
-27
(0 - 6) + 9 - (10 + -10)
3
Calculate 6 - (-9 - (-1 - 13)).
1
What is -8 - (19 - (-34 + 32))?
-29
Calculate -21 + 32 + -20 + -8.
-17
16 - 26 - (-17 + 6) - (1 + 3)
-3
Calculate (0 + 1 - 6) + 7.
2
What is the value of -3 - -9 - (11 + (-5 - -1) - 5)?
4
(7 + -21 - 3) + 6
-11
5 + 31 - 45 - (2 + -3 + 0)
-8
What is the value of -13 + (-11 - -27) + -10 - -6?
-1
What is the value of 2 + -1 + 17 + 1 + -4 + -7?
8
Evaluate 5 - (-6 + 12 + -2 + -10).
11
(3 - 34) + (29 - 16)
-18
What is (29 + -20 - (-5 - -20)) + -1 + 7?
0
Calculate 18 + 2 + (-204 - -176).
-8
5 + (1 + -6 - 8)
-8
Evaluate (-7 - (-6 + -3 + 2)) + 4 + 9.
13
Calculate -9 + 3 + (56 + -63 - (-11 + -1)).
-1
Evaluate 5 + (-14 - -29 - 18 - 2).
0
What is the value of (3 + 1 + 0 - 2) + 6 - 3?
5
What is the value of 10 + (-16 - (-8 + -4)) + -4?
2
What is the value of 2 + 7 + -9 - -8 - (5 + -2)?
5
Evaluate (-1 + 4 - (-81 + 87)) + (-13 - -7).
-9
Calculate -18 + 0 + 799 + -794.
-13
What is the value of -31 - (12 + 8 + -31)?
-20
-20 - -2 - (-2 + (-20 - -17))
-13
What is -38 + 5 + 4 + 10?
-19
What is (2 - (-2 - -10)) + -49 + 63 + -41?
-33
What is (42 - 32) + 23 + -8?
25
Evaluate (-7 - (-2 - (7 - 4))) + 7.
5
What is -7 + (-32 - -13) - -50?
24
8 - (20 - 6) - 7
-13
Evaluate (0 - -34) + -37 + 22 + 15.
34
What is -14 - (-20 - (-5 + -16 + 5))?
-10
Evaluate (-13 - -3) + 26 + -28 + (3 - 0).
-9
Calculate -3 + -1 + 5 + (5 - -5 - -1).
12
Evaluate (-3 - -4 - (8 - 4)) + 15 + -1.
11
5 + (8 + 6 - 10) + 4
13
What is the value of -15 + (-4 - -6) + -1 + 20 + -13?
-7
What is the value of -12 + (43 + -19 - 21)?
-9
Calculate 10 - (10 + 6 + -8).
2
Calculate -13 + (0 - -2) + 7 + (7 - 11).
-8
Calculate 4 + (-10 + -2 - -13) + -9 + 7.
3
Calculate -4 + -12 + 11 - -18 - 16.
-3
What is 11 + (-12 + 1 - -12) + -1 + 1?
12
What is the value of 11 - (43 + -4 + -22)?
-6
Calculate (-16 - (-8 + -1)) + 0 + (-3 - -22).
12
What is 20 + -12 + 4 + (-1 - 2 - -7)?
16
What is the value of -3 + (-7 - -7 - 4) + 3?
-4
9 + -3 + (-34 + 9 - -14)
-5
(0 - -5 - -27) + (-263 - -264)
33
What is 0 + (-8 - -7) + -4 + -7?
-12
What is the value of (2 + -2 - (-48 - -50)) + 3?
1
Evaluate (-70 - -68) + -6 + -3.
-11
What is the value of (17 - 12) + (10 - 22)?
-7
What is the value of 155 + -126 + (2 - 18)?
13
What is 5 + (-23 - -12) - -7 - 28?
-27
Calculate (-5 - (2 + 2)) + (4 - (5 + -4)).
-6
(1 - 2) + (-8 - -11) + -23
-21
-4 + -28 + 10 + 46
24
What is the value of 9 + (27 - 14 - 14)?
8
-11 - (-1 - (-19 - -7))
-22
What is the value of (23 - 14) + -5 + 5?
9
(-57 - -25 - -24) + (-2 + 3 - 2)
-9
Calculate (20 - ((28 - 8) + -10)) + -3 + 4.
11
What is -13 + 10 + -3 + 2 - (5 + 1)?
-10
1 - (15 - (17 - 11))
-8
Calculate -2 - (11 - 20) - 1.
6
Evaluate -10 + -6 - (-10 + -1).
-5
What is the value of 10 + (11 - 4) + 14?
31
Evaluate (-82 + 98 - (-2 + 12)) + -8.
-2
Evaluate (0 - (7 + 3)) + -3 + -11 - -5.
-19
Evaluate -127 + 137 - ((-3 - (-2 + 1)) + 3).
9
What is the value of 7 + -3 + 9 + (-1 - 5) + -7?
0
-1 + -10 + -63 + 5 + 43
-26
Evaluate 6 + ((-8 - 4) + 10 - -3).
7
What is the value of (18 - (39 - (-2 + 13))) + 1 + -5?
-14
Calculate 14 - (-10 - -31 - -3).
-10
What is the value of 6 + (-6 - ((-4 - -6) + -2 - 12))?
12
What is the value of -14 + 21 + -1 + -4?
2
What is the value of 11 - -3 - (-3 - -24)?
-7
What is (2